reds digit of 11504?
5
What is the hundreds digit of 207927?
9
What is the ten millions digit of 19638509?
1
What is the units digit of 16118?
8
What is the thousands digit of 38820?
8
What is the units digit of 619813?
3
What is the hundred thousands digit of 7217530?
2
What is the ten thousands digit of 1367818?
6
What is the tens digit of 1994470?
7
What is the tens digit of 103661?
6
What is the hundred thousands digit of 11769845?
7
What is the ten thousands digit of 20830829?
3
What is the thousands digit of 574373?
4
What is the hundreds digit of 305241?
2
What is the units digit of 659024?
4
What is the thousands digit of 2199276?
9
What is the thousands digit of 96313?
6
What is the units digit of 19579979?
9
What is the hundreds digit of 351793?
7
What is the units digit of 1148?
8
What is the ten thousands digit of 1496812?
9
What is the hundreds digit of 970020?
0
What is the units digit of 7345825?
5
What is the millions digit of 1277073?
1
What is the hundred thousands digit of 1475846?
4
What is the ten thousands digit of 958572?
5
What is the tens digit of 7730399?
9
What is the tens digit of 978552?
5
What is the hundreds digit of 677740?
7
What is the hundred thousands digit of 14371134?
3
What is the hundreds digit of 1087000?
0
What is the hundred thousands digit of 578999?
5
What is the thousands digit of 181025?
1
What is the ten thousands digit of 700543?
0
What is the tens digit of 128085?
8
What is the hundred thousands digit of 1923781?
9
What is the hundreds digit of 281923?
9
What is the hundreds digit of 220257?
2
What is the tens digit of 162140?
4
What is the millions digit of 3677564?
3
What is the ten thousands digit of 1222393?
2
What is the thousands digit of 13009543?
9
What is the ten thousands digit of 598852?
9
What is the tens digit of 213016?
1
What is the hundreds digit of 10480912?
9
What is the millions digit of 39006040?
9
What is the tens digit of 81181?
8
What is the thousands digit of 1927510?
7
What is the tens digit of 607273?
7
What is the millions digit of 1564770?
1
What is the tens digit of 7886364?
6
What is the tens digit of 3653523?
2
What is the units digit of 1939953?
3
What is the hundreds digit of 1308506?
5
What is the ten thousands digit of 2060247?
6
What is the hundred thousands digit of 11295681?
2
What is the units digit of 95722?
2
What is the units digit of 643070?
0
What is the tens digit of 5677001?
0
What is the thousands digit of 310262?
0
What is the thousands digit of 317790?
7
What is the thousands digit of 1377520?
7
What is the ten thousands digit of 14775178?
7
What is the thousands digit of 6476530?
6
What is the hundred thousands digit of 507461?
5
What is the thousands digit of 2335161?
5
What is the ten thousands digit of 28308044?
0
What is the tens digit of 969741?
4
What is the thousands digit of 15332809?
2
What is the tens digit of 3176281?
8
What is the tens digit of 36169759?
5
What is the hundreds digit of 15680?
6
What is the ten thousands digit of 1556842?
5
What is the thousands digit of 78538?
8
What is the hundreds digit of 585468?
4
What is the tens digit of 4474710?
1
What is the thousands digit of 1192?
1
What is the tens digit of 644794?
9
What is the ten millions digit of 16779978?
1
What is the millions digit of 7989844?
7
What is the hundreds digit of 292608?
6
What is the ten thousands digit of 834544?
3
What is the ten thousands digit of 26861044?
6
What is the ten thousands digit of 91971?
9
What is the units digit of 95143?
3
What is the ten thousands digit of 512319?
1
What is the hundred thousands digit of 16997934?
9
What is the units digit of 1312467?
7
What is the units digit of 1120563?
3
What is the millions digit of 12070621?
2
What is the hundred thousands digit of 4300096?
3
What is the hundreds digit of 14961?
9
What is the hundred thousands digit of 392361?
3
What is the ten millions digit of 19090070?
1
What is the hundred thousands digit of 188921?
1
What is the thousands digit of 10093092?
3
What is the tens digit of 146665?
6
What is the thousands digit of 1795183?
5
What is the millions digit of 1655771?
1
What is the thousands digit of 999490?
9
What is the thousands digit of 17222?
7
What is the tens digit of 390?
9
What is the units digit of 349007?
7
What is the units digit of 3155126?
6
What is the thousands digit of 2014842?
4
What is the hundreds digit of 184888?
8
What is the thousands digit of 42928?
2
What is the units digit of 131754?
4
What is the thousands digit of 6212327?
2
What is the hundred thousands digit of 1725608?
7
What is the thousands digit of 5584773?
4
What is the hundred thousands digit of 2949986?
9
What is the hundreds digit of 786260?
2
What is the tens digit of 173263?
6
What is the hundreds digit of 145772?
7
What is the hundreds digit of 942641?
6
What is the millions digit of 9430707?
9
What is the hundred thousands digit of 1819191?
8
What is the tens digit of 5819032?
3
What is the millions digit of 4541295?
4
What is the units digit of 3629287?
7
What is the tens digit of 1474056?
5
What is the millions digit of 31469840?
1
What is the hundred thousands digit of 433683?
4
What is the hundred thousands digit of 292708?
2
What is the hundreds digit of 89084?
0
What is the millions digit of 2338834?
2
What is the thousands digit of 14883370?
3
What is the thousands digit of 240076?
0
What is the thousands digit of 13391130?
1
What is the ten thousands digit of 457194?
5
What is the hundreds digit of 3845?
8
What is the hundred thousands digit of 3499620?
4
What is the hundred thousands digit of 186049?
1
What is the millions digit of 11875726?
1
What is the thousands digit of 445916?
5
What is the tens digit of 386259?
5
What is the units digit of 950651?
1
What is the units digit of 6422506?
6
What is the tens digit of 2688011?
1
What is the units digit of 1096228?
8
What is the thousands digit of 7418201?
8
What is the thousands digit of 326178?
6
What is the hundred thousands digit of 1437145?
4
What is the hundreds digit of 3874206?
2
What is the tens digit of 373377?
7
What is the hundred thousands digit of 799913?
7
What is the tens digit of 2188574?
7
What is the hundreds digit of 3415840?
8
What is the hundreds digit of 103509?
5
What is the tens digit of 322088?
8
What is the hundreds digit of 2755040?
0
What is the millions digit of 8218974?
8
What is the hundred thousands digit of 222175?
2
What is the millions digit of 2027284?
2
What is the hundreds digit of 4615317?
3
What is the millions digit of 1787127?
1
What is the units digit of 245896?
6
What is the thousands digit of 2619414?
9
What is the millions digit of 2433113?
2
What is the ten thousands digit of 4873733?
7
What is the thousands digit of 2484973?
4
What is the hundreds digit of 49521?
5
What is the thousands digit of 131798?
1
What is the hundred thousands digit of 3865583?
8
What is the units digit of 9740438?
8
What is the units digit of 450212?
2
What is the hundreds digit of 341319?
3
What is the hundred thousands digit of 175938?
1
What is the hundred thousands digit of 1694314?
6
What is the hundred thousands digit of 4189814?
1
What is the tens digit of 1961595?
9
What is the hundred thousands digit of 749087?
7
What is the thousands digit of 3985204?
5
What is the hundred thousands digit of 218649?
2
What is the hundreds digit of 420941?
9
What is the hundreds digit of 37491?
4
What is the tens digit of 2496360?
6
What is the units digit of 40051?
1
What is the thousands digit of 383273?
3
What is the hundreds digit of 13706276?
2
What is the units digit of 22060?
0
What is the hundreds digit of 315289?
2
What is the hundreds digit of 162633?
6
What is the thousands digit of 280201?
0
What is the thousands digit of 328879?
8
What is the ten thousands digit of 3115825?
1
What is the tens digit of 8394205?
0
What is the hundred thousands digit of 4326284?
3
What is the tens digit of 1406120?
2
What is the millions digit of 24651105?
4
What is the ten millions digit of 37218728?
3
What is the hundred thousands digit of 583207?
5
What is the tens digit of 1545059?
5
What is the ten thousands digit of 32224?
3
What is the units digit of 242642?
2
What is the hundred thousands digit of 346090?
3
What is